(-5)?
27
Let o(i) = 19*i**2 + 66*i - 17. Determine o(-4).
23
Let w(i) = -i**3 + 6*i**2 + 62*i - 203. Determine w(10).
17
Let g(n) = 1563*n + 23430. Give g(-15).
-15
Let i(f) = f**2 + 539*f - 2714. What is i(5)?
6
Let j(d) = 77*d - 417. Determine j(6).
45
Let w(s) = -2*s**3 - 44*s**2 - 4*s + 18. Determine w(-22).
106
Let w(d) = -d**3 - 80*d**2 - 173*d - 1326. Give w(-78).
0
Let s(p) = -46*p + 135. Give s(4).
-49
Let m(z) = -4*z**2 - 36*z + 725. Calculate m(12).
-283
Let y(o) = 2*o**2 + 6*o - 15. Give y(5).
65
Let g(s) = -10*s**2 + 779*s - 163. Calculate g(78).
-241
Let t(n) = n**2 - 147*n - 446. Calculate t(-3).
4
Let d(i) = 2*i**2 - 28*i - 659. Calculate d(-12).
-35
Let h(l) = 326*l + 7231. What is h(-23)?
-267
Let r(z) = 81*z + 6816. Calculate r(-84).
12
Let i(f) = -102*f + 32. What is i(1)?
-70
Let k(s) = -6*s + 1257. What is k(0)?
1257
Let p(m) = m**3 + 77*m**2 - 327*m - 260. Determine p(-81).
-17
Let o(c) = -c**3 - 20*c**2 + 7*c + 14. Give o(-20).
-126
Let a(x) = -204*x**2 - 6*x + 6. Give a(1).
-204
Let a(h) = 186*h + 944. What is a(-5)?
14
Let g(q) = 197*q**2 + 396*q + 2. What is g(-2)?
-2
Let z(q) = -51*q**2 + 47*q + 9. Determine z(1).
5
Let h(w) = -8*w**2 - 758*w + 187. Determine h(-95).
-3
Let a(u) = -u**2 + 49*u - 340. Give a(9).
20
Let v(w) = w**3 - 2*w**2 - 8*w - 10. What is v(-6)?
-250
Let f(w) = 105*w + 2121. Calculate f(-18).
231
Let s(i) = -91*i**2 + 4271*i + 272. Calculate s(47).
-10
Let v(x) = -43*x + 334. Give v(4).
162
Let c(z) = -z**3 + 8*z**2 - 27*z + 86. Determine c(4).
42
Let p(v) = -27*v + 1937. Give p(71).
20
Let j(h) = 11*h - 53. Calculate j(3).
-20
Let p(a) = -a**3 + 135*a**2 - 118*a - 2143. Give p(134).
1
Let p(s) = s**2 + 66*s + 841. What is p(-48)?
-23
Let j(g) = -g**2 + 66*g - 294. Give j(4).
-46
Let m(l) = 2*l**2 + 80*l - 347. Give m(-44).
5
Let b(h) = -201*h - 1467. What is b(-8)?
141
Let r(i) = i**3 - 12*i**2 + 30*i - 19. What is r(9)?
8
Let t(u) = -10*u + 374. What is t(53)?
-156
Let y(b) = 105*b - 37. What is y(4)?
383
Let m(b) = -5*b**2 + 43*b + 1. Give m(9).
-17
Let f(c) = -972*c - 984. Determine f(-1).
-12
Let q(m) = -16*m + 537. Determine q(27).
105
Let l(w) = -w**3 + 47*w**2 - 539*w + 120. Determine l(27).
147
Let b(x) = 1013*x - 3022. Calculate b(3).
17
Let v(t) = -55*t - 231. Determine v(-4).
-11
Let c(f) = 7*f + 185. Calculate c(-20).
45
Let i(m) = 26*m**3 + 44*m + 45. Give i(-1).
-25
Let t(x) = -32*x**2 + 8*x + 18. Give t(-2).
-126
Let q(g) = g**2 - 20*g - 375. Calculate q(-12).
9
Let b(y) = 9*y**2 + 40*y + 169. Give b(-4).
153
Let s(z) = -10*z**2 + 2048*z + 2483. Determine s(206).
11
Let r(s) = s**3 + 21*s**2 + 26*s + 129. Give r(-20).
9
Let m(y) = 19*y**2 - 44*y - 8. Give m(2).
-20
Let d(g) = -g**3 - 39*g**2 - 3*g - 172. What is d(-39)?
-55
Let t(u) = -2*u**3 - 5*u**2 + u - 187. Give t(0).
-187
Let w(u) = -u**2 - 181*u + 358. Determine w(2).
-8
Let o(m) = -2*m**3 + 18*m**2 - m - 23. What is o(7)?
166
Let g(q) = 1386*q - 8308. What is g(6)?
8
Let h(x) = 70*x + 215. Give h(-6).
-205
Let j(a) = -a**3 + 3*a**2 - 3*a + 6. Give j(5).
-59
Let u(l) = 1904*l + 5709. Calculate u(-3).
-3
Let a(s) = s**3 + 19*s**2 + 44*s - 56. Calculate a(-16).
8
Let l(h) = -18*h - 669. Determine l(-44).
123
Let m(y) = -127*y - 184. Calculate m(-2).
70
Let r(b) = -7*b + 227. What is r(-17)?
346
Let x(y) = 2*y**3 + 45*y**2 - 10*y + 92. Calculate x(-23).
-207
Let u(v) = -2*v**2 - 72*v + 113. Determine u(-34).
249
Let u(v) = -27*v**2 - 4*v + 8. Calculate u(1).
-23
Let l(k) = -14*k - 47. What is l(-7)?
51
Let w(r) = 588*r - 9407. Give w(16).
1
Let f(m) = 2*m**2 - 16*m + 18. Calculate f(6).
-6
Let h(v) = v**3 + 31*v**2 + 109*v + 705. What is h(-28)?
5
Let w(f) = -278*f - 2234. Calculate w(-8).
-10
Let k(v) = -v**3 + 2*v**2 + 23*v - 21. Calculate k(5).
19
Let p(i) = -52*i - 15. What is p(-1)?
37
Let j(b) = -44*b + 215. Give j(8).
-137
Let q(h) = h**2 - 27*h + 26. What is q(21)?
-100
Let a(p) = 11*p**2 - 109*p - 12. Calculate a(12).
264
Let n(i) = -266*i + 6110. Determine n(23).
-8
Let g(h) = h**2 - 5*h + 8. Determine g(4).
4
Let c(y) = -y**3 - 20*y**2 + 76*y + 1158. Give c(-21).
3
Let g(r) = r**3 - 11*r**2 + 69*r - 134. Determine g(5).
61
Let z(w) = 2*w**3 - 14*w**2 - w + 13. What is z(7)?
6
Let h(x) = 10*x - 127. Give h(14).
13
Let q(t) = -t**3 - 66*t**2 - 1039*t + 21. What is q(-26)?
-5
Let z(s) = -6*s**2 - 136*s + 72. What is z(-23)?
26
Let b(z) = -z**3 + 40*z**2 + 4*z + 8. Calculate b(40).
168
Let b(t) = 29*t + 519. Give b(-7).
316
Let x(k) = k**2 + 104*k + 2642. Calculate x(-45).
-13
Let u(w) = -w**2 - 65*w + 436. Give u(6).
10
Let c(r) = -106*r - 1167. Calculate c(-14).
317
Let u(g) = 2*g**3 - 57*g**2 - 826. Determine u(29).
15
Let t(u) = 1357*u - 12229. Give t(9).
-16
Let a(d) = 263*d + 10253. Determine a(-39).
-4
Let m(x) = 9*x**2 - 3167*x - 9936. Calculate m(355).
4
Let b(c) = 70*c**2 + 767*c - 768. What is b(1)?
69
Let x(f) = 2*f**2 + 15*f - 13. What is x(-8)?
-5
Let y(x) = x**2 + 115*x - 147. What is y(-116)?
-31
Let k(b) = b**3 - 75*b**2 + 354*b - 287. Give k(70).
-7
Let j(y) = y**2 - 9*y - 846. What is j(34)?
4
Let v(t) = -1688*t - 5060. Give v(-3).
4
Let n(x) = -x**2 - 44*x + 539. Determine n(10).
-1
Let l(x) = 2*x**2 + 67*x + 292. What is l(-6)?
-38
Let a(o) = 961*o - 42282. Give a(44).
2
Let z(q) = -3*q**2 + 234*q - 2847. Give z(63).
-12
Let f(w) = w**3 - 5*w**2 - 11*w + 37. What is f(5)?
-18
Let b(i) = 78*i + 867. Calculate b(-12).
-69
Let h(x) = 2714*x + 43416. Give h(-16).
-8
Let g(k) = k**3 - 2*k**2 - 4*k + 74. Determine g(8).
426
Let w(c) = -1157*c + 6970. Give w(6).
28
Let i(q) = -q**3 - 12*q**2 + q - 9. Give i(-11).
-141
Let m(b) = b**2 + 47*b - 35. Give m(-48).
13
Let v(w) = w**2 - 790*w + 93534. Give v(145).
9
Let n(z) = z**3 - 53*z**2 - 427*z - 59. Determine n(-7).
-10
Let m(j) = -j**3 - 36*j**2 + 15*j + 554. Determine m(-36).
14
Let v(k) = 33*k - 1401. Calculate v(46).
117
Let z(q) = q**3 - 23*q**2 - 51*q + 32. What is z(25)?
7
Let t(n) = -2*n**3 + 6*n**2 + 5*n - 19. Give t(3).
-4
Let u(n) = -n**3 - n**2 + 3*n - 12. Calculate u(5).
-147
Let y(c) = c**3 - 111*c**2 - 1862*c - 3524. What is y(126)?
4
Let w(t) = -198*t**2 - 4157*t + 36. Calculate w(-21).
15
Let v(q) = -1281*q + 2574. What is v(2)?
12
Let r(h) = h**2 + 105*h + 1276. Give r(-14).
2
Let h(u) = -7*u - 328. Give h(-103).
393
Let n(p) = 40*p - 371. Calculate n(11).
69
Let r(k) = -13*k**2 + 54*k - 4. Give r(4).
4
Let p(h) = 550*h - 2765. What is p(5)?
-15
Let q(v) = 72*v + 1001. Determine q(-14).
-7
Let k(y) = 12*y + 808. What is k(-67)?
4
Let g(s) = -s**2 - 330*s + 2345. What is g(7)?
-14
Let m(n) = n**3 + 9*n**2 - 37*n + 59. What is m(-10)?
329
Let y(i) = -93*i + 288. Give y(4).
-84
Let w(b) = -58*b**3 + 233*b**2 - 3*b - 2. Give w(4).
2
Let d(f) = -2*f**2 - 150*f + 2087. Give d(12).
-1
Let s(r) = -1134*r + 3443. Calculate s(3).
41
Let k(s) = -2*s**2 + 152*s - 1113. Give k(68).
-25
Let q(k) = 24*k**3 + 2*k**2 + 4*k. Give q(-1).
-26
Let g(s) = -s**3 - 25*s**2 - 34*s - 254. Give g(-24).
-14
Let r(o) = 1493*o - 66. Determine r(0).
-66
Let a(m) = m**2 - 11*m + 10. Determine a(1).
0
Let s(z) = -37*z - 375. What is s(-9)?
-42
Let y(j) = -j**2 + 186*j + 1552. Give y(-8).
0
Let n(t) = -6*t**3 - 5*t**2 - 4*t + 1. Determine n(3).
-218
Let f(l) = 127*l - 121. Determine f(1).
6
Let k(x) = -3*x**3 - 220*x**2 - 284*x + 293. Give k(-72).
5
Let p(d) = -2*d**2 + 15*d + 20. Calculate p(6).
38
Let w(u) = 3*u**2 + 78*u + 154. Determine w(-2).
10
Let c(m) = 512*m - 1517. Determine c(3).
19
Let f(k) = 7*k + 161. Give f(-24).
-7
Let l(j) = -10*j**3 + 2*j**2 + 16*j + 9. Determine l(-3).
249
Let l(j) = 117*j - 1985. Calculate l(17).
4
Let q(d) = 102*d**2 + 140*d + 288. What is q(-2)?
416
Let d(n) = -23*n + 40. Calculate d(13).
-259
Let v(o) = o**3 + 9*o**2 + 7*o - 53. What is v(-7)?
-4
Let z(n) = n**3 - 70*n**2 - 73*n + 141. Give z(71).
-1
Let b(m) = 207*m + 209. Give b(-3).
-412
Let g(i) = -5*i + 24. Calculate g(8).
-16
Let x(s) = s**3 - 119*s**2 + 63*s + 6492. Determine x(118).
2
Let u(f) = f**2 - 4*f - 119. Determine u(16).
73
Let s(w) = 2240*w - 26871. Calculate s(12).
9
Let o(y) = -y**3 - 31*y**2 + 33*y + 128. Calculate o(-31).
-895
Let r(h) = -81*h - 8510. Determine r(-105).
-5
Let c(m) = 3*m - 215. Give c(43).
-86
Let w(h) = -h**2 + 36*h - 79. Determine w(3).
2